prime factors of 251039134.
2, 19, 6606293
What are the prime factors of 19357373?
7, 17, 47, 3461
What are the prime factors of 738251352?
2, 3, 137, 74843
List the prime factors of 120391797.
3, 2503, 16033
List the prime factors of 297206719.
491, 605309
List the prime factors of 202994975.
5, 31, 103, 2543
What are the prime factors of 1095247296?
2, 3, 11, 13, 13297
What are the prime factors of 695543544?
2, 3, 89, 97, 373
What are the prime factors of 632079328?
2, 19752479
What are the prime factors of 142861637?
142861637
What are the prime factors of 269395026?
2, 3, 109, 411919
What are the prime factors of 86478056?
2, 7, 401, 3851
What are the prime factors of 6841596764?
2, 61, 28039331
List the prime factors of 78426433.
19, 4127707
What are the prime factors of 26711065?
5, 73, 73181
List the prime factors of 390448112.
2, 17, 29, 49499
What are the prime factors of 826249701?
3, 29, 37, 53, 167
What are the prime factors of 59304029?
59304029
List the prime factors of 219656712.
2, 3, 11, 677, 1229
What are the prime factors of 47375109?
3, 5263901
What are the prime factors of 112901419?
10321, 10939
List the prime factors of 345339218.
2, 7, 24667087
What are the prime factors of 418267088?
2, 26141693
List the prime factors of 173519976.
2, 3, 7, 147551
List the prime factors of 2611244787.
3, 227, 719, 5333
List the prime factors of 3146004253.
7, 449429179
What are the prime factors of 127669382?
2, 63834691
What are the prime factors of 2275832695?
5, 455166539
What are the prime factors of 1091587256?
2, 136448407
What are the prime factors of 86727885?
3, 5, 5781859
What are the prime factors of 2250708843?
3, 750236281
What are the prime factors of 2886670350?
2, 3, 5, 179, 35837
What are the prime factors of 77580366?
2, 3, 1033, 12517
What are the prime factors of 17612123?
31, 568133
What are the prime factors of 3837471216?
2, 3, 79947317
List the prime factors of 1915984618.
2, 139, 6892031
What are the prime factors of 845801301?
3, 281933767
What are the prime factors of 407536069?
43, 59, 160637
What are the prime factors of 7333171089?
3, 2609, 936907
List the prime factors of 176997123.
3, 41, 281, 569
What are the prime factors of 1199845105?
5, 239969021
What are the prime factors of 209920019?
209920019
List the prime factors of 560221446.
2, 3, 93370241
List the prime factors of 4033072.
2, 443, 569
List the prime factors of 6942870.
2, 3, 5, 11, 7013
List the prime factors of 39486422.
2, 1481, 13331
What are the prime factors of 17661214?
2, 179, 49333
List the prime factors of 85269237.
3, 757, 37547
What are the prime factors of 33054781?
659, 50159
What are the prime factors of 1150357391?
1150357391
List the prime factors of 2552576502.
2, 3, 7, 1240319
List the prime factors of 499416253.
7, 229, 311551
List the prime factors of 44805049.
61, 199, 3691
List the prime factors of 23693168.
2, 191, 7753
What are the prime factors of 96379002?
2, 3, 1579, 3391
List the prime factors of 191054782.
2, 419, 227989
What are the prime factors of 124992740?
2, 5, 47, 132971
What are the prime factors of 15829961?
7, 109, 20747
List the prime factors of 1343418563.
11909, 112807
List the prime factors of 8594434.
2, 37, 116141
What are the prime factors of 1331462752?
2, 41608211
List the prime factors of 309278216.
2, 13, 349, 8521
List the prime factors of 430811338.
2, 97, 971, 2287
List the prime factors of 689119877.
689119877
List the prime factors of 2263039567.
41, 151, 365537
List the prime factors of 186038712.
2, 3, 29, 139, 641
What are the prime factors of 699681589?
21863, 32003
List the prime factors of 77617326.
2, 3, 12936221
List the prime factors of 36072149.
3929, 9181
What are the prime factors of 645846557?
645846557
What are the prime factors of 354072861?
3, 29, 373, 3637
What are the prime factors of 117452202?
2, 3, 7, 523, 5347
List the prime factors of 417570728.
2, 17, 3070373
List the prime factors of 128404366.
2, 17, 127, 131, 227
What are the prime factors of 676996242?
2, 3, 13, 29, 53, 5647
List the prime factors of 276851746.
2, 641, 215953
List the prime factors of 768062928.
2, 3, 1987, 8053
What are the prime factors of 28341547?
13, 2180119
What are the prime factors of 1861175390?
2, 5, 149, 1249111
What are the prime factors of 74361234?
2, 3, 1723, 7193
What are the prime factors of 780983960?
2, 5, 47, 127, 3271
What are the prime factors of 12362925?
3, 5, 164839
What are the prime factors of 20025754?
2, 7, 1051, 1361
What are the prime factors of 212593124?
2, 53148281
List the prime factors of 301802622.
2, 3, 11, 4572767
What are the prime factors of 1855648582?
2, 10009, 92699
What are the prime factors of 172543101?
3, 4993, 11519
List the prime factors of 32706365.
5, 269, 24317
List the prime factors of 53883274.
2, 107, 251791
List the prime factors of 10949610.
2, 3, 5, 7, 23, 2267
List the prime factors of 448423605.
3, 5, 7, 137, 10391
List the prime factors of 15942860.
2, 5, 797143
What are the prime factors of 566488711?
566488711
What are the prime factors of 1276942979?
13, 31, 449, 7057
List the prime factors of 72039749.
23, 43, 3167
List the prime factors of 181255540.
2, 5, 9062777
List the prime factors of 3415810751.
223, 15317537
What are the prime factors of 3448153171?
3448153171
What are the prime factors of 129172874?
2, 64586437
List the prime factors of 3139953042.
2, 3, 523325507
List the prime factors of 227781405.
3, 5, 19, 266411
List the prime factors of 334559613.
3, 111519871
List the prime factors of 882260714.
2, 41, 103, 104459
What are the prime factors of 199637797?
199637797
List the prime factors of 4185009268.
2, 11, 95113847
What are the prime factors of 2051106170?
2, 5, 227, 269, 3359
List the prime factors of 2537047690.
2, 5, 253704769
List the prime factors of 120949028.
2, 73, 414209
What are the prime factors of 190531599?
3, 3079, 20627
What are the prime factors of 5648911041?
3, 1882970347
List the prime factors of 18242275.
5, 17, 42923
What are the prime factors of 31411747?
1399, 22453
List the prime factors of 345843281.
7, 43, 1148981
What are the prime factors of 21089415?
3, 5, 151, 9311
List the prime factors of 81991853.
67, 107, 11437
List the prime factors of 11101863.
3, 1117, 3313
What are the prime factors of 202509955?
5, 601, 67391
List the prime factors of 35306760.
2, 3, 5, 294223
List the prime factors of 598288878.
2, 3, 11, 151, 20011
What are the prime factors of 2336372881?
37, 63145213
What are the prime factors of 8177952?
2, 3, 17, 5011
What are the prime factors of 1440755321?
17, 37, 107, 21407
What are the prime factors of 327222365?
5, 65444473
What are the prime factors of 159333321?
3, 7, 7587301
What are the prime factors of 55958195?
5, 23, 53, 9181
What are the prime factors of 733975711?
7, 5821, 18013
What are the prime factors of 666894080?
2, 5, 137, 3803
List the prime factors of 246092694.
2, 3, 31, 1323079
What are the prime factors of 1817500931?
41, 97, 457003
What are the prime factors of 1987019719?
1657, 1199167
What are the prime factors of 995107205?
5, 103, 1932247
What are the prime factors of 65423695?
5, 73, 179243
What are the prime factors of 26673295?
5, 11, 83, 5843
List the prime factors of 281232701.
67, 107, 39229
List the prime factors of 4561347550.
2, 5, 43, 139, 15263
List the prime factors of 319139867.
29, 73, 233, 647
What are the prime factors of 114615068?
2, 19, 1508093
List the prime factors of 94990057.
3989, 23813
List the prime factors of 1219764538.
2, 859, 709991
What are the prime factors of 7050941?
7050941
What are the prime factors of 7144022058?
2, 3, 1190670343
What are the prime factors of 195172527?
3, 11, 1543, 3833
List the prime factors of 1738450796.
2, 9791, 44389
List the prime factors of 39471445.
5, 13, 607253
What are the prime factors of 2333761673?
79, 4451, 6637
List the prime factors of 19392155.
5, 17, 29, 7867
List the prime factors of 7862028924.
2, 3, 19, 34482583
What are the prime factors of 1877095941?
3, 7, 23, 71, 127, 431
What are the prime factors of 169787797?
3271, 51907
List the prime factors of 101283374.
2, 50641687
List the prime factors of 1199504888.
2, 109, 167, 8237
What are the prime fac